{"id":753,"date":"2020-10-29T09:08:54","date_gmt":"2020-10-29T09:08:54","guid":{"rendered":"https:\/\/marupe.edu.lv\/?page_id=753"},"modified":"2026-04-28T14:08:40","modified_gmt":"2026-04-28T12:08:40","slug":"uz-7-klasi","status":"publish","type":"page","link":"https:\/\/marupe.edu.lv\/?page_id=753","title":{"rendered":"Uz\u0146em\u0161ana 7.klas\u0113"},"content":{"rendered":"\n<p><\/p>\n\n\n\n<p>Pieteik\u0161an\u0101s iest\u0101jp\u0101rbaud\u012bjumam notika no 1. l\u012bdz 12.apr\u012blim.<\/p>\n\n\n\n<p>Iest\u0101jp\u0101rbaud\u012bjums uz 7.klasi notika 2026.gada 18.apr\u012bl\u012b plkst. 10.00.<\/p>\n\n\n\n<p>Iest\u0101jp\u0101rbaud\u012bjuma rezult\u0101ti tiks public\u0113ti l\u012bdz 22.maijam.<\/p>\n\n\n\n<p><\/p>\n\n\n\n<p><a href=\"https:\/\/marupe.edu.lv\/wp-content\/uploads\/2026\/01\/23_MVG-izglitojamo-uznemsanas-kartiba-7.klases.pdf\" target=\"_blank\" rel=\"noopener\" title=\"UZ\u0145EM\u0160ANAS K\u0100RT\u012aBA\">UZ\u0145EM\u0160ANAS K\u0100RT\u012aBA<\/a><\/p>\n\n\n\n<p><a href=\"https:\/\/marupe.edu.lv\/wp-content\/uploads\/2026\/02\/Iestajparbaudijuma-uz-7.klasi-programma.pdf\" target=\"_blank\" rel=\"noopener\" title=\"IEST\u0100JEKS\u0100MENA PROGRAMMA\">IEST\u0100JP\u0100RBAUD\u012aJUMA PROGRAMMA<\/a><\/p>\n\n\n\n<p><\/p>\n\n\n\n<p class=\"has-text-align-center\"><\/p>\n\n\n\n<p><\/p>\n","protected":false},"excerpt":{"rendered":"<p>Pieteik\u0161an\u0101s iest\u0101jp\u0101rbaud\u012bjumam notika no 1. l\u012bdz 12.apr\u012blim. Iest\u0101jp\u0101rbaud\u012bjums uz 7.klasi notika 2026.gada 18.apr\u012bl\u012b plkst. 10.00. Iest\u0101jp\u0101rbaud\u012bjuma rezult\u0101ti tiks public\u0113ti l\u012bdz &hellip; <\/p>\n","protected":false},"author":1,"featured_media":0,"parent":0,"menu_order":0,"comment_status":"closed","ping_status":"closed","template":"","meta":{"_monsterinsights_skip_tracking":false,"_monsterinsights_sitenote_active":false,"_monsterinsights_sitenote_note":"","_monsterinsights_sitenote_category":0,"footnotes":""},"class_list":["post-753","page","type-page","status-publish","hentry","latest_post"],"aioseo_notices":[],"_links":{"self":[{"href":"https:\/\/marupe.edu.lv\/index.php?rest_route=\/wp\/v2\/pages\/753","targetHints":{"allow":["GET"]}}],"collection":[{"href":"https:\/\/marupe.edu.lv\/index.php?rest_route=\/wp\/v2\/pages"}],"about":[{"href":"https:\/\/marupe.edu.lv\/index.php?rest_route=\/wp\/v2\/types\/page"}],"author":[{"embeddable":true,"href":"https:\/\/marupe.edu.lv\/index.php?rest_route=\/wp\/v2\/users\/1"}],"replies":[{"embeddable":true,"href":"https:\/\/marupe.edu.lv\/index.php?rest_route=%2Fwp%2Fv2%2Fcomments&post=753"}],"version-history":[{"count":101,"href":"https:\/\/marupe.edu.lv\/index.php?rest_route=\/wp\/v2\/pages\/753\/revisions"}],"predecessor-version":[{"id":5275,"href":"https:\/\/marupe.edu.lv\/index.php?rest_route=\/wp\/v2\/pages\/753\/revisions\/5275"}],"wp:attachment":[{"href":"https:\/\/marupe.edu.lv\/index.php?rest_route=%2Fwp%2Fv2%2Fmedia&parent=753"}],"curies":[{"name":"wp","href":"https:\/\/api.w.org\/{rel}","templated":true}]}}