{"id":4457,"date":"2024-12-11T19:52:02","date_gmt":"2024-12-11T17:52:02","guid":{"rendered":"https:\/\/marupe.edu.lv\/?page_id=4457"},"modified":"2024-12-11T19:54:09","modified_gmt":"2024-12-11T17:54:09","slug":"ziemassvetku-koncerti","status":"publish","type":"page","link":"https:\/\/marupe.edu.lv\/?page_id=4457","title":{"rendered":"Ziemassv\u0113tku ieska\u0146as koncerti"},"content":{"rendered":"\n<p><em>Ar svec\u0113m Ziemassv\u0113tki atn\u0101k,<\/em><br><em>Ar svec\u0113m Ziemassv\u0113tki iet.<\/em><br><em>Mirdz rot\u0101s sv\u0113tku egle za\u013c\u0101<\/em><br><em>Tai skuj\u0101s Ziemassv\u0113tki zied. \/A. Kr\u016bklis\/<\/em><\/p>\n\n\n\n<p><em>Priec\u0101simies J\u016bs redz\u0113t<\/em><br><em>M\u0101rupes Valsts \u0123imn\u0101zijas<\/em><br><em>Ziemassv\u0113tku ieska\u0146as koncertos<\/em><\/p>\n\n\n\n<p><em><strong>16.decembr\u012b pl. 18.00 <\/strong>Tor\u0146akalna bazn\u012bc\u0101<\/em><\/p>\n\n\n\n<p><em><strong>17.decembr\u012b pl. 19.00<\/strong> M\u0101rupes M\u016bzikas un m\u0101kslas skol\u0101<\/em><\/p>\n\n\n\n<p><em>Lai gai\u0161as un jaukas domas ce\u013c\u0101 uz Ziemassv\u0113tkiem!<\/em><\/p>\n","protected":false},"excerpt":{"rendered":"<p>Ar svec\u0113m Ziemassv\u0113tki atn\u0101k,Ar svec\u0113m Ziemassv\u0113tki iet.Mirdz rot\u0101s sv\u0113tku egle za\u013c\u0101Tai skuj\u0101s Ziemassv\u0113tki zied. \/A. Kr\u016bklis\/ Priec\u0101simies J\u016bs redz\u0113tM\u0101rupes Valsts &hellip; <\/p>\n","protected":false},"author":1,"featured_media":4458,"parent":0,"menu_order":0,"comment_status":"closed","ping_status":"closed","template":"","meta":{"_monsterinsights_skip_tracking":false,"_monsterinsights_sitenote_active":false,"_monsterinsights_sitenote_note":"","_monsterinsights_sitenote_category":0,"footnotes":""},"class_list":["post-4457","page","type-page","status-publish","has-post-thumbnail","hentry","latest_post"],"aioseo_notices":[],"_links":{"self":[{"href":"https:\/\/marupe.edu.lv\/index.php?rest_route=\/wp\/v2\/pages\/4457","targetHints":{"allow":["GET"]}}],"collection":[{"href":"https:\/\/marupe.edu.lv\/index.php?rest_route=\/wp\/v2\/pages"}],"about":[{"href":"https:\/\/marupe.edu.lv\/index.php?rest_route=\/wp\/v2\/types\/page"}],"author":[{"embeddable":true,"href":"https:\/\/marupe.edu.lv\/index.php?rest_route=\/wp\/v2\/users\/1"}],"replies":[{"embeddable":true,"href":"https:\/\/marupe.edu.lv\/index.php?rest_route=%2Fwp%2Fv2%2Fcomments&post=4457"}],"version-history":[{"count":3,"href":"https:\/\/marupe.edu.lv\/index.php?rest_route=\/wp\/v2\/pages\/4457\/revisions"}],"predecessor-version":[{"id":4462,"href":"https:\/\/marupe.edu.lv\/index.php?rest_route=\/wp\/v2\/pages\/4457\/revisions\/4462"}],"wp:featuredmedia":[{"embeddable":true,"href":"https:\/\/marupe.edu.lv\/index.php?rest_route=\/wp\/v2\/media\/4458"}],"wp:attachment":[{"href":"https:\/\/marupe.edu.lv\/index.php?rest_route=%2Fwp%2Fv2%2Fmedia&parent=4457"}],"curies":[{"name":"wp","href":"https:\/\/api.w.org\/{rel}","templated":true}]}}