{"id":3526,"date":"2023-12-15T09:19:12","date_gmt":"2023-12-15T07:19:12","guid":{"rendered":"https:\/\/marupe.edu.lv\/?page_id=3526"},"modified":"2025-09-18T06:33:30","modified_gmt":"2025-09-18T04:33:30","slug":"erasmus-akreditacija","status":"publish","type":"page","link":"https:\/\/marupe.edu.lv\/?page_id=3526","title":{"rendered":"Erasmus+ akredit\u0101cija"},"content":{"rendered":"\n<h2 class=\"wp-block-heading\">Erasmus+ programmas Pamatdarb\u012bbas Nr. 1 (KA1) projekts \u201cPersonu mobilit\u0101tes m\u0101c\u012bbu nol\u016bkos\u201d<\/h2>\n\n\n\n<p>Gada finans\u0113jums<br>Projekta l\u012bguma numurs: 2023-1-LV01-KA121-SCH-000146587<br>Projekta \u012bsteno\u0161anas periods: 2023. gada 1. j\u016bnijs 2025. gada 31. maijs<br>Pie\u0161\u0137irtais finans\u0113jums: 69539,00 EUR<br>Apg\u016bts piln\u012bb\u0101<\/p>\n\n\n\n<p>Gada finans\u0113jums<br>Projekta l\u012bguma numurs: 2024-1-LV01-KA121-SCH-000229773<br>Projekta \u012bsteno\u0161anas periods: 2024. gada 1. j\u016bnijs 2026. gada 31. maijs<br>Pie\u0161\u0137irtais finans\u0113jums: 56124,00 EUR<\/p>\n\n\n\n<p>Gada finans\u0113jums<br>Projekta l\u012bguma numurs: 2025-1-LV01-KA121-SCH-000337304<br>Projekta \u012bsteno\u0161anas periods: 2025. gada 1. j\u016bnijs \u2013 2026. gada 31. augusts<br>Pie\u0161\u0137irtais finans\u0113jums:\u00a049731,00\u00a0EUR<\/p>\n\n\n\n<p><a href=\"https:\/\/webgate.ec.europa.eu\/erasmus-esc\/index\/privacy-statement\" target=\"_blank\" rel=\"noopener\" title=\"Priv\u0101tuma pazi\u0146ojums par personas datu aizsardz\u012bbu Erasmus+ projektos\">Priv\u0101tuma pazi\u0146ojums par personas datu aizsardz\u012bbu Erasmus+ projektos<\/a><\/p>\n\n\n\n<p><a href=\"\"><\/a><\/p>\n","protected":false},"excerpt":{"rendered":"<p>Erasmus+ programmas Pamatdarb\u012bbas Nr. 1 (KA1) projekts \u201cPersonu mobilit\u0101tes m\u0101c\u012bbu nol\u016bkos\u201d Gada finans\u0113jumsProjekta l\u012bguma numurs: 2023-1-LV01-KA121-SCH-000146587Projekta \u012bsteno\u0161anas periods: 2023. gada &hellip; <\/p>\n","protected":false},"author":1,"featured_media":0,"parent":0,"menu_order":0,"comment_status":"closed","ping_status":"closed","template":"","meta":{"_monsterinsights_skip_tracking":false,"_monsterinsights_sitenote_active":false,"_monsterinsights_sitenote_note":"","_monsterinsights_sitenote_category":0,"footnotes":""},"class_list":["post-3526","page","type-page","status-publish","hentry","latest_post"],"aioseo_notices":[],"_links":{"self":[{"href":"https:\/\/marupe.edu.lv\/index.php?rest_route=\/wp\/v2\/pages\/3526","targetHints":{"allow":["GET"]}}],"collection":[{"href":"https:\/\/marupe.edu.lv\/index.php?rest_route=\/wp\/v2\/pages"}],"about":[{"href":"https:\/\/marupe.edu.lv\/index.php?rest_route=\/wp\/v2\/types\/page"}],"author":[{"embeddable":true,"href":"https:\/\/marupe.edu.lv\/index.php?rest_route=\/wp\/v2\/users\/1"}],"replies":[{"embeddable":true,"href":"https:\/\/marupe.edu.lv\/index.php?rest_route=%2Fwp%2Fv2%2Fcomments&post=3526"}],"version-history":[{"count":4,"href":"https:\/\/marupe.edu.lv\/index.php?rest_route=\/wp\/v2\/pages\/3526\/revisions"}],"predecessor-version":[{"id":4890,"href":"https:\/\/marupe.edu.lv\/index.php?rest_route=\/wp\/v2\/pages\/3526\/revisions\/4890"}],"wp:attachment":[{"href":"https:\/\/marupe.edu.lv\/index.php?rest_route=%2Fwp%2Fv2%2Fmedia&parent=3526"}],"curies":[{"name":"wp","href":"https:\/\/api.w.org\/{rel}","templated":true}]}}