{"id":2316,"date":"2022-03-29T12:58:29","date_gmt":"2022-03-29T10:58:29","guid":{"rendered":"https:\/\/marupe.edu.lv\/?page_id=2316"},"modified":"2024-07-02T12:56:09","modified_gmt":"2024-07-02T10:56:09","slug":"sadarbiba-ar-i-e-s-valdespartera","status":"publish","type":"page","link":"https:\/\/marupe.edu.lv\/?page_id=2316","title":{"rendered":"Sadarb\u012bba ar I.E.S. Valdespartera"},"content":{"rendered":"\n<figure class=\"wp-block-image size-large\"><img loading=\"lazy\" decoding=\"async\" width=\"1024\" height=\"768\" src=\"https:\/\/marupe.edu.lv\/wp-content\/uploads\/2024\/07\/20220913_222242-1-1024x768.jpg\" alt=\"\" class=\"wp-image-4075\" srcset=\"https:\/\/marupe.edu.lv\/wp-content\/uploads\/2024\/07\/20220913_222242-1-1024x768.jpg 1024w, https:\/\/marupe.edu.lv\/wp-content\/uploads\/2024\/07\/20220913_222242-1-300x225.jpg 300w, https:\/\/marupe.edu.lv\/wp-content\/uploads\/2024\/07\/20220913_222242-1-768x576.jpg 768w, https:\/\/marupe.edu.lv\/wp-content\/uploads\/2024\/07\/20220913_222242-1-1536x1152.jpg 1536w, https:\/\/marupe.edu.lv\/wp-content\/uploads\/2024\/07\/20220913_222242-1-2048x1536.jpg 2048w\" sizes=\"auto, (max-width: 1024px) 100vw, 1024px\" \/><\/figure>\n\n\n\n<p>Jau tre\u0161o gadu M\u0101rupes Valsts \u0123imn\u0101zija sadarbojas un draudz\u0113jas ar I.E.S.Valdespartera-<br>skolu Saragos\u0101 (Sp\u0101nij\u0101). Sadarb\u012bbas projekta ietvaros, katru gadu skol\u0113nu grupa no<br>M\u0101rupes Valsts \u0123imn\u0101zijas 3 ned\u0113\u013cas m\u0101c\u0101s Sp\u0101nijas skol\u0101 un iepaz\u012bstas ar valsti, kult\u016bru<br>un sadz\u012bvi, un, savuk\u0101rt, sp\u0101\u0146u skol\u0113ni 3 ned\u0113\u013cas dz\u012bvo un m\u0101c\u0101s pie mums.<br>Projekta pamatideja ir p\u0113c iesp\u0113jas lab\u0101k iepaz\u012bt valsti, t\u0101s trad\u012bcijas, kult\u016bru, sadz\u012bves<br>ritu\u0101lus, izgl\u012bt\u012bbas sist\u0113mu, lai lab\u0101k saprastu un nov\u0113rt\u0113tu at\u0161\u0137ir\u012bgo un vienojo\u0161o, iem\u0101c\u012btos<br>patst\u0101v\u012bgi pie\u0146emt l\u0113mumus un organiz\u0113t savus darbus un laiku.<\/p>\n\n\n\n<figure class=\"wp-block-image size-large\"><img loading=\"lazy\" decoding=\"async\" width=\"1024\" height=\"768\" src=\"https:\/\/marupe.edu.lv\/wp-content\/uploads\/2024\/07\/20221109_193444-1-1024x768.jpg\" alt=\"\" class=\"wp-image-4076\" srcset=\"https:\/\/marupe.edu.lv\/wp-content\/uploads\/2024\/07\/20221109_193444-1-1024x768.jpg 1024w, https:\/\/marupe.edu.lv\/wp-content\/uploads\/2024\/07\/20221109_193444-1-300x225.jpg 300w, https:\/\/marupe.edu.lv\/wp-content\/uploads\/2024\/07\/20221109_193444-1-768x576.jpg 768w, https:\/\/marupe.edu.lv\/wp-content\/uploads\/2024\/07\/20221109_193444-1-1536x1152.jpg 1536w, https:\/\/marupe.edu.lv\/wp-content\/uploads\/2024\/07\/20221109_193444-1-2048x1536.jpg 2048w\" sizes=\"auto, (max-width: 1024px) 100vw, 1024px\" \/><\/figure>\n\n\n\n<p><br>Ar\u012b pag\u0101ju\u0161aj\u0101, 2023.\/24. m\u0101c\u012bbu gad\u0101 12 skol\u0113ni no MV\u0122 un 12 skol\u0113ni no Saragosas<br>piedal\u012bj\u0101s projekt\u0101. Skol\u0113nus no Saragosas uz\u0146\u0113m\u0101m Latvij\u0101 no 31.septembra l\u012bdz<br>23.oktobrim, bet pa\u0161i dev\u0101mies uz Saragosu no 7.janv\u0101ra l\u012bdz 25.janv\u0101rim.<br>Kam\u0113r sp\u0101\u0146u skol\u0113ni viesoj\u0101s Latvij\u0101, m\u0113s kop\u012bgi gan m\u0101c\u012bj\u0101mies, gan visi kop\u0101 dev\u0101mies<br>ekskursij\u0101s uz Kuld\u012bgu, Vecr\u012bgu, L\u0101\u010du maizes ceptuvi, J\u016bras akad\u0113miju un muzeju.<br>Savuk\u0101rt Saragos\u0101, bez m\u0101c\u012bb\u0101m I.E.S.Valdespartera skol\u0101, skol\u0113ni kop\u012bgi iepazin\u0101s ar<br>Saragosas pils\u0113tu un Aragonas apgabalu (viens no 17 autonomajiem apgabaliem Sp\u0101nij\u0101,<br>kam Saragosa ir galvaspils\u0113ta); tika apmekl\u0113ta basketbola sp\u0113le, kur vien\u0101 no komand\u0101m<br>sp\u0113l\u0113 basketboliste no Latvijas; skol\u0113ni gan iepazin\u0101s ar Origami m\u0101kslu, gan pa\u0161i akt\u012bvi<br>darboj\u0101s veidojot savu origami; interesanti bija izsekot komiksu att\u012bst\u012bbas v\u0113sturei izst\u0101d\u0113 par<br>komiksiem; k\u0101 ar\u012b \u013coti \u012bpa\u0161s un aizraujo\u0161s bija kop\u012bgais brauciens uz Madridi, lai iepaz\u012btos ar<br>Sp\u0101nijas galvaspils\u0113tu un apmekl\u0113tu slaveno Prado muzeju. Un, t\u0101 pat k\u0101 m\u016bsu \u0123imenes, t\u0101<br>ar\u012b sp\u0101\u0146u \u0123imenes b\u0113rnus veda ekskursij\u0101s uz interesant\u0101m un noz\u012bm\u012bg\u0101m viet\u0101m,<br>piem\u0113ram, kop\u012bgi apciemoja draugus un radus cit\u0101s pils\u0113t\u0101s un ciematos, apmekl\u0113ja<br>muzejus un dabas parkus, kop\u012bgi dev\u0101s p\u0101rg\u0101jienos.<\/p>\n\n\n\n<figure class=\"wp-block-image size-large\"><img loading=\"lazy\" decoding=\"async\" width=\"1024\" height=\"768\" src=\"https:\/\/marupe.edu.lv\/wp-content\/uploads\/2024\/07\/20231121_112314-1-1024x768.jpg\" alt=\"\" class=\"wp-image-4077\" srcset=\"https:\/\/marupe.edu.lv\/wp-content\/uploads\/2024\/07\/20231121_112314-1-1024x768.jpg 1024w, https:\/\/marupe.edu.lv\/wp-content\/uploads\/2024\/07\/20231121_112314-1-300x225.jpg 300w, https:\/\/marupe.edu.lv\/wp-content\/uploads\/2024\/07\/20231121_112314-1-768x576.jpg 768w, https:\/\/marupe.edu.lv\/wp-content\/uploads\/2024\/07\/20231121_112314-1-1536x1152.jpg 1536w, https:\/\/marupe.edu.lv\/wp-content\/uploads\/2024\/07\/20231121_112314-1-2048x1536.jpg 2048w\" sizes=\"auto, (max-width: 1024px) 100vw, 1024px\" \/><\/figure>\n\n\n\n<p><br>K\u0101 atz\u012bst pa\u0161i skol\u0113ni, projekta dal\u012bbnieki: \u201c\u0160\u012b bija super\u012bga un unik\u0101la pieredze, kuru v\u0101rdiem<br>nevar aprakst\u012bt. Visi no mums ir piekritu\u0161i, ka \u0161\u012b ir neatk\u0101rtojams piedz\u012bvojums ar kuru m\u0113s<br>esam guvu\u0161i jaunu pieredzi. M\u016bsu padoms citiem skol\u0113niem: Nebaid\u012bties no jaun\u0101m<br>pieredz\u0113m un piedal\u012bties visur kur var!\u201d<\/p>\n\n\n\n<figure class=\"wp-block-gallery has-nested-images columns-default is-cropped wp-block-gallery-1 is-layout-flex wp-block-gallery-is-layout-flex\">\n<figure class=\"wp-block-image size-large\"><img loading=\"lazy\" decoding=\"async\" width=\"1024\" height=\"768\" data-id=\"4078\" src=\"https:\/\/marupe.edu.lv\/wp-content\/uploads\/2024\/07\/20220914_120507-1-1024x768.jpg\" alt=\"\" class=\"wp-image-4078\" srcset=\"https:\/\/marupe.edu.lv\/wp-content\/uploads\/2024\/07\/20220914_120507-1-1024x768.jpg 1024w, https:\/\/marupe.edu.lv\/wp-content\/uploads\/2024\/07\/20220914_120507-1-300x225.jpg 300w, https:\/\/marupe.edu.lv\/wp-content\/uploads\/2024\/07\/20220914_120507-1-768x576.jpg 768w, https:\/\/marupe.edu.lv\/wp-content\/uploads\/2024\/07\/20220914_120507-1-1536x1152.jpg 1536w, https:\/\/marupe.edu.lv\/wp-content\/uploads\/2024\/07\/20220914_120507-1-2048x1536.jpg 2048w\" sizes=\"auto, (max-width: 1024px) 100vw, 1024px\" \/><\/figure>\n\n\n\n<figure class=\"wp-block-image size-large\"><img loading=\"lazy\" decoding=\"async\" width=\"1024\" height=\"768\" data-id=\"4079\" src=\"https:\/\/marupe.edu.lv\/wp-content\/uploads\/2024\/07\/20221003_114014-1-1024x768.jpg\" alt=\"\" class=\"wp-image-4079\" srcset=\"https:\/\/marupe.edu.lv\/wp-content\/uploads\/2024\/07\/20221003_114014-1-1024x768.jpg 1024w, https:\/\/marupe.edu.lv\/wp-content\/uploads\/2024\/07\/20221003_114014-1-300x225.jpg 300w, https:\/\/marupe.edu.lv\/wp-content\/uploads\/2024\/07\/20221003_114014-1-768x576.jpg 768w, https:\/\/marupe.edu.lv\/wp-content\/uploads\/2024\/07\/20221003_114014-1-1536x1152.jpg 1536w, https:\/\/marupe.edu.lv\/wp-content\/uploads\/2024\/07\/20221003_114014-1-2048x1536.jpg 2048w\" sizes=\"auto, (max-width: 1024px) 100vw, 1024px\" \/><\/figure>\n<\/figure>\n","protected":false},"excerpt":{"rendered":"<p>Jau tre\u0161o gadu M\u0101rupes Valsts \u0123imn\u0101zija sadarbojas un draudz\u0113jas ar I.E.S.Valdespartera-skolu Saragos\u0101 (Sp\u0101nij\u0101). Sadarb\u012bbas projekta ietvaros, katru gadu skol\u0113nu grupa &hellip; <\/p>\n","protected":false},"author":1,"featured_media":0,"parent":0,"menu_order":0,"comment_status":"closed","ping_status":"closed","template":"","meta":{"_monsterinsights_skip_tracking":false,"_monsterinsights_sitenote_active":false,"_monsterinsights_sitenote_note":"","_monsterinsights_sitenote_category":0,"footnotes":""},"class_list":["post-2316","page","type-page","status-publish","hentry","latest_post"],"aioseo_notices":[],"_links":{"self":[{"href":"https:\/\/marupe.edu.lv\/index.php?rest_route=\/wp\/v2\/pages\/2316","targetHints":{"allow":["GET"]}}],"collection":[{"href":"https:\/\/marupe.edu.lv\/index.php?rest_route=\/wp\/v2\/pages"}],"about":[{"href":"https:\/\/marupe.edu.lv\/index.php?rest_route=\/wp\/v2\/types\/page"}],"author":[{"embeddable":true,"href":"https:\/\/marupe.edu.lv\/index.php?rest_route=\/wp\/v2\/users\/1"}],"replies":[{"embeddable":true,"href":"https:\/\/marupe.edu.lv\/index.php?rest_route=%2Fwp%2Fv2%2Fcomments&post=2316"}],"version-history":[{"count":3,"href":"https:\/\/marupe.edu.lv\/index.php?rest_route=\/wp\/v2\/pages\/2316\/revisions"}],"predecessor-version":[{"id":4083,"href":"https:\/\/marupe.edu.lv\/index.php?rest_route=\/wp\/v2\/pages\/2316\/revisions\/4083"}],"wp:attachment":[{"href":"https:\/\/marupe.edu.lv\/index.php?rest_route=%2Fwp%2Fv2%2Fmedia&parent=2316"}],"curies":[{"name":"wp","href":"https:\/\/api.w.org\/{rel}","templated":true}]}}