{"id":1899,"date":"2021-12-01T10:52:47","date_gmt":"2021-12-01T08:52:47","guid":{"rendered":"https:\/\/marupe.edu.lv\/?page_id=1899"},"modified":"2024-11-07T13:45:03","modified_gmt":"2024-11-07T11:45:03","slug":"metodiskie-materiali-audzinatajiem","status":"publish","type":"page","link":"https:\/\/marupe.edu.lv\/?page_id=1899","title":{"rendered":"Metodiskie materi\u0101li audzin\u0101tajiem"},"content":{"rendered":"\n<ul class=\"wp-block-list\">\n<li><a href=\"https:\/\/www.tavaklase.lv\/programma\/\">https:\/\/www.tavaklase.lv\/programma\/<\/a> video materi\u0101li \u2013 \u201cStunda Tavai karjerai\u201d, \u201cKarjeras diena\u201d.<\/li>\n\n\n\n<li><a href=\"https:\/\/karjerasmateriali.lv\/materiali-darbam-stundas-un-tematiskajas-nodarbibas\/\">https:\/\/karjerasmateriali.lv\/materiali-darbam-stundas-un-tematiskajas-nodarbibas\/<\/a><ul><li>multiplik\u0101cijas video<\/li><\/ul><ul><li>konkursi par un ap karjeru<\/li><\/ul><ul><li>sp\u0113les tie\u0161saist\u0113<\/li><\/ul>\n<ul class=\"wp-block-list\">\n<li>darba lapas, sp\u0113les, uzdevumi<\/li>\n<\/ul>\n<\/li>\n\n\n\n<li><a href=\"https:\/\/karjerasmateriali.lv\/ekskursiju-un-praktisku-radoso-darbnicu-iespejas\/\">https:\/\/karjerasmateriali.lv\/ekskursiju-un-praktisku-radoso-darbnicu-iespejas\/<\/a><\/li>\n<\/ul>\n\n\n\n<p>tematisk\u0101s ekskursijas un darbn\u012bcas<\/p>\n\n\n\n<ul class=\"wp-block-list\">\n<li><a href=\"https:\/\/karjerasmateriali.lv\/idejas-karjeras-pasakumiem-un-aktivitatem\/\">https:\/\/karjerasmateriali.lv\/idejas-karjeras-pasakumiem-un-aktivitatem\/<\/a><\/li>\n<\/ul>\n\n\n\n<p>idejas karjeras pas\u0101kumiem un aktivit\u0101t\u0113m<\/p>\n\n\n\n<ul class=\"wp-block-list\">\n<li><a href=\"https:\/\/www.viaa.gov.lv\/lv\/darbibas-virzieni-karjeras-atbalsts\">https:\/\/www.viaa.gov.lv\/lv\/darbibas-virzieni-karjeras-atbalsts<\/a><\/li>\n\n\n\n<li><a href=\"https:\/\/www.viaa.gov.lv\/lv\/resursi\">https:\/\/www.viaa.gov.lv\/lv\/resursi<\/a> &#8211; lejupl\u0101d\u0113jamas rokasgr\u0101matas, darba burtn\u012bcas un citi metodiskie materi\u0101li karjeras izgl\u012bt\u012bbai.<\/li>\n\n\n\n<li><a href=\"https:\/\/www.viaa.gov.lv\/lv\/video-informativie-materiali\">https:\/\/www.viaa.gov.lv\/lv\/video-informativie-materiali<\/a><\/li>\n\n\n\n<li><a href=\"https:\/\/www.viaa.gov.lv\/lv\/ilustrativie-materiali\">https:\/\/www.viaa.gov.lv\/lv\/ilustrativie-materiali<\/a><\/li>\n\n\n\n<li><a href=\"https:\/\/www.viaa.gov.lv\/lv\/metodiskie-materiali\">https:\/\/www.viaa.gov.lv\/lv\/metodiskie-materiali<\/a><\/li>\n<\/ul>\n\n\n\n<ul class=\"wp-block-list\">\n<li><a href=\"https:\/\/www.karjera.lu.lv\/\">https:\/\/www.karjera.lu.lv\/<\/a> Latvijas Universit\u0101tes pied\u0101v\u0101tie karjeras materi\u0101li.<\/li>\n\n\n\n<li><a href=\"https:\/\/www.profesijupasaule.lv\/\">https:\/\/www.profesijupasaule.lv\/<\/a> &#8211;\u00a0profesiju un taj\u0101s str\u0101d\u0101jo\u0161o cilv\u0113ku darba apraksti. Intervijas ar profesiju p\u0101rst\u0101vjiem. Inform\u0101cija, kur m\u0101c\u012bties, lai apg\u016btu k\u0101du no profesij\u0101m.<\/li>\n\n\n\n<li><a href=\"https:\/\/www.viaa.gov.lv\/lv\/media\/2656\/download\">https:\/\/www.viaa.gov.lv\/lv\/media\/2656\/download<\/a> &#8211; karjeras izgl\u012bt\u012bba skol\u0101<\/li>\n<\/ul>\n\n\n\n<h2 class=\"wp-block-heading has-text-align-center\">Praktiski padomi veiksm\u012bgas karjeras veido\u0161anai:<\/h2>\n\n\n\n<figure class=\"wp-block-embed is-type-video is-provider-youtube wp-block-embed-youtube wp-embed-aspect-16-9 wp-has-aspect-ratio\"><div class=\"wp-block-embed__wrapper\">\n<iframe loading=\"lazy\" title=\"Filma par karjeras veido\u0161anu \u00abZa\u013cais Pipars\u00bb\" width=\"750\" height=\"422\" src=\"https:\/\/www.youtube.com\/embed\/RyxQPre5pQI?feature=oembed\" frameborder=\"0\" allow=\"accelerometer; autoplay; clipboard-write; encrypted-media; gyroscope; picture-in-picture\" allowfullscreen><\/iframe>\n<\/div><\/figure>\n\n\n\n<figure class=\"wp-block-embed is-type-video is-provider-youtube wp-block-embed-youtube wp-embed-aspect-16-9 wp-has-aspect-ratio\"><div class=\"wp-block-embed__wrapper\">\n<iframe loading=\"lazy\" title=\"Filma \u00abZa\u013cais pipars\u00bb 2\" width=\"750\" height=\"422\" src=\"https:\/\/www.youtube.com\/embed\/OpvCOOzVQnU?feature=oembed\" frameborder=\"0\" allow=\"accelerometer; autoplay; clipboard-write; encrypted-media; gyroscope; picture-in-picture\" allowfullscreen><\/iframe>\n<\/div><\/figure>\n\n\n\n<figure class=\"wp-block-embed is-type-video is-provider-youtube wp-block-embed-youtube wp-embed-aspect-16-9 wp-has-aspect-ratio\"><div class=\"wp-block-embed__wrapper\">\n<iframe loading=\"lazy\" title=\"Filma par karjeras izv\u0113li \u00abZa\u013cais pipars 3\u00bb\" width=\"750\" height=\"422\" src=\"https:\/\/www.youtube.com\/embed\/LVqC0FvyvU4?feature=oembed\" frameborder=\"0\" allow=\"accelerometer; autoplay; clipboard-write; encrypted-media; gyroscope; picture-in-picture\" allowfullscreen><\/iframe>\n<\/div><\/figure>\n\n\n\n<figure class=\"wp-block-embed is-type-video is-provider-youtube wp-block-embed-youtube wp-embed-aspect-16-9 wp-has-aspect-ratio\"><div class=\"wp-block-embed__wrapper\">\n<iframe loading=\"lazy\" title=\"Za\u013cais pipars 4\" width=\"750\" height=\"422\" src=\"https:\/\/www.youtube.com\/embed\/h6yh82XxKDw?feature=oembed\" frameborder=\"0\" allow=\"accelerometer; autoplay; clipboard-write; encrypted-media; gyroscope; picture-in-picture\" allowfullscreen><\/iframe>\n<\/div><\/figure>\n\n\n\n<figure class=\"wp-block-embed is-type-video is-provider-youtube wp-block-embed-youtube wp-embed-aspect-16-9 wp-has-aspect-ratio\"><div class=\"wp-block-embed__wrapper\">\n<iframe loading=\"lazy\" title=\"\u00abZa\u013cais pipars 5\u00bb\" width=\"750\" height=\"422\" src=\"https:\/\/www.youtube.com\/embed\/OMTW5ABZku0?feature=oembed\" frameborder=\"0\" allow=\"accelerometer; autoplay; clipboard-write; encrypted-media; gyroscope; picture-in-picture\" allowfullscreen><\/iframe>\n<\/div><\/figure>\n","protected":false},"excerpt":{"rendered":"<p>tematisk\u0101s ekskursijas un darbn\u012bcas idejas karjeras pas\u0101kumiem un aktivit\u0101t\u0113m Praktiski padomi veiksm\u012bgas karjeras veido\u0161anai:<\/p>\n","protected":false},"author":1,"featured_media":0,"parent":0,"menu_order":0,"comment_status":"closed","ping_status":"closed","template":"","meta":{"_monsterinsights_skip_tracking":false,"_monsterinsights_sitenote_active":false,"_monsterinsights_sitenote_note":"","_monsterinsights_sitenote_category":0,"footnotes":""},"class_list":["post-1899","page","type-page","status-publish","hentry","latest_post"],"aioseo_notices":[],"_links":{"self":[{"href":"https:\/\/marupe.edu.lv\/index.php?rest_route=\/wp\/v2\/pages\/1899","targetHints":{"allow":["GET"]}}],"collection":[{"href":"https:\/\/marupe.edu.lv\/index.php?rest_route=\/wp\/v2\/pages"}],"about":[{"href":"https:\/\/marupe.edu.lv\/index.php?rest_route=\/wp\/v2\/types\/page"}],"author":[{"embeddable":true,"href":"https:\/\/marupe.edu.lv\/index.php?rest_route=\/wp\/v2\/users\/1"}],"replies":[{"embeddable":true,"href":"https:\/\/marupe.edu.lv\/index.php?rest_route=%2Fwp%2Fv2%2Fcomments&post=1899"}],"version-history":[{"count":5,"href":"https:\/\/marupe.edu.lv\/index.php?rest_route=\/wp\/v2\/pages\/1899\/revisions"}],"predecessor-version":[{"id":4349,"href":"https:\/\/marupe.edu.lv\/index.php?rest_route=\/wp\/v2\/pages\/1899\/revisions\/4349"}],"wp:attachment":[{"href":"https:\/\/marupe.edu.lv\/index.php?rest_route=%2Fwp%2Fv2%2Fmedia&parent=1899"}],"curies":[{"name":"wp","href":"https:\/\/api.w.org\/{rel}","templated":true}]}}