{"id":1307,"date":"2021-08-17T06:53:38","date_gmt":"2021-08-17T04:53:38","guid":{"rendered":"https:\/\/marupe.edu.lv\/?page_id=1307"},"modified":"2025-06-02T11:41:18","modified_gmt":"2025-06-02T09:41:18","slug":"skolas-forma","status":"publish","type":"page","link":"https:\/\/marupe.edu.lv\/?page_id=1307","title":{"rendered":"Skolas forma"},"content":{"rendered":"\n<p><strong>1.kla\u0161u skol\u0113nu vec\u0101ki aicin\u0101ti piem\u0113r\u012bt un pas\u016bt\u012bt skol\u0113nu formas.<\/strong><\/p>\n\n\n\n<p>\u0160ogad vec\u0101kiem ir iesp\u0113ja izv\u0113l\u0113ties skolas formas \u010detros interneta veikalos: <\/p>\n\n\n\n<p class=\"has-text-align-center\"><a href=\"https:\/\/skolenuformas.lv\/\" data-type=\"URL\" data-id=\"https:\/\/skolenuformas.lv\/\">skolenuformas.lv<\/a> &#8212;&#8212;&#8212;&#8212; <a href=\"http:\/\/skolasforma.lv\" data-type=\"URL\" data-id=\"skolasforma.lv\">skolasforma.lv<\/a>   &#8212;&#8212;&#8212;&#8212;   <a href=\"http:\/\/uniforma.lv\" data-type=\"URL\" data-id=\"uniforma.lv\">uniforma.lv<\/a>  &#8212;&#8212;&#8212;&#8212;  <a href=\"http:\/\/hebe.lv\" data-type=\"URL\" data-id=\"hebe.lv\">hebe.lv<\/a><\/p>\n\n\n\n<p>Ar\u012b pamatskol\u0113ni un vidusskol\u0113ni ir aicin\u0101ti \u0161ajos interneta veikalos ieg\u0101d\u0101ties T-kreklu, polo kreklu un vesti ar skolas logo. Ja v\u0113lies M\u0101rupes Valsts \u0123imn\u0101zijas logo uz sava m\u012b\u013c\u0101k\u0101 vai jaunajam m\u0101c\u012bbu gadam sar\u016bp\u0113ta ap\u0123\u0113rba gabala, vari lejupl\u0101d\u0113t logo (bildes bez fona; der jebkuras kr\u0101sas ap\u0123\u0113rba apdrukai) un pas\u016bt\u012bt t\u0101 apdruku jebkur\u0101 kreklu apdrukas uz\u0146\u0113mum\u0101.<\/p>\n\n\n\n<p><a href=\"https:\/\/marupe.edu.lv\/wp-content\/uploads\/2025\/06\/skolas_formai.pdf\" target=\"_blank\" rel=\"noopener\" title=\"\">Logo ir pieejams \u0160EIT<\/a><\/p>\n\n\n\n<p>S\u0101kot ar 2010.gada 1.septembri, M\u0101rupes Valsts \u0123imn\u0101zij\u0101 ir ieviests vienota stila korporat\u012bvs ap\u0123\u0113rbs \u2013 M\u0101rupes Valsts \u0123imn\u0101zijas skolas formas. \u0160is projekts ir tapis pateicoties M\u0101rupes Valsts \u0123imn\u0101zijas vec\u0101ku padomes izvirz\u012btaj\u0101m pras\u012bb\u0101m rast iesp\u0113ju nodro\u0161in\u0101t \u0113rt\u0101ku skolas formas pas\u016bt\u012b\u0161anas un sa\u0146em\u0161anas procesu.<\/p>\n\n\n\n<p>Skolas formu dizains tika izstr\u0101d\u0101s SIA \u201eAmeri\u201d, un to akcept\u0113ja gan vec\u0101ku padomes, gan skolas vad\u012bbas p\u0101rst\u0101vji. Skolas veste \u2013 pel\u0113k\u0101 kr\u0101s\u0101 ar iz\u0161\u016btu MV\u0122 logo. Burtu kr\u0101sa M-melna, V\u2013balta, S-bordo. Ap V veida kakla izgriezumu str\u012bpu salikums melns, balts, bordo, balts, melns. Skolas sv\u0101rki, saraf\u0101ns un kaklasaite no r\u016btaina auduma \u2013 melns, balts, bordo. Skolas formai pieskan\u012bg\u0101s kr\u0101sas ikdien\u0101: balta, melna, pel\u0113ka, tum\u0161i zila, bordo, roz\u0101.<\/p>\n\n\n\n<figure class=\"wp-block-table\"><table><tbody><tr><td>Sv\u0113tku forma meiten\u0113m<\/td><td>Skolas veste, skolas sv\u0101rki, balta bl\u016bze<br>Skolas saraf\u0101ns, balta bl\u016bze.<\/td><\/tr><tr><td>Sv\u0113tku forma z\u0113niem<\/td><td>Skolas veste, skolas kaklasaite, balts krekls, klasiskas melnas bikses.<\/td><\/tr><tr><td>Ikdienas forma meiten\u0113m<\/td><td>Skolas veste, tops pieskan\u012bg\u0101 kr\u0101s\u0101 (bl\u016bze, T-krekls, polo krekls, b\u012btlene, krekls), sv\u0101rki, saraf\u0101ns, d\u017einsi, \u00be bikses, jaka ar kapuci.<\/td><\/tr><tr><td>Ikdienas forma z\u0113niem<\/td><td>Skolas veste, tops pieskan\u012bg\u0101 kr\u0101s\u0101 (T-krekls, polo krekls, b\u012btlene, krekls), d\u017einsi, klasiskas bikses, jaka ar kapuci.<\/td><\/tr><\/tbody><\/table><\/figure>\n\n\n\n<p><strong>V\u0113lams -&gt; skolas formas komplekts sv\u0113tkiem.<\/strong><\/p>\n\n\n\n<p><strong>Ikdienai -&gt; varat izv\u0113l\u0113ties b\u0113rnam \u0113rtu ap\u0123\u0113rbu, kur\u0101 iestr\u0101d\u0101ts skolas logo.<\/strong><\/p>\n\n\n\n<p class=\"has-medium-font-size\"><strong><span class=\"has-inline-color has-luminous-vivid-amber-color\">Lai sa\u0146emtu skol\u0113nu formas septembr\u012b, t\u0101s ir j\u0101pas\u016bta p\u0113c iesp\u0113jas \u0101tr\u0101k<\/span><\/strong><\/p>\n","protected":false},"excerpt":{"rendered":"<p>1.kla\u0161u skol\u0113nu vec\u0101ki aicin\u0101ti piem\u0113r\u012bt un pas\u016bt\u012bt skol\u0113nu formas. \u0160ogad vec\u0101kiem ir iesp\u0113ja izv\u0113l\u0113ties skolas formas \u010detros interneta veikalos: skolenuformas.lv &hellip; <\/p>\n","protected":false},"author":1,"featured_media":0,"parent":0,"menu_order":0,"comment_status":"closed","ping_status":"closed","template":"","meta":{"_monsterinsights_skip_tracking":false,"_monsterinsights_sitenote_active":false,"_monsterinsights_sitenote_note":"","_monsterinsights_sitenote_category":0,"footnotes":""},"class_list":["post-1307","page","type-page","status-publish","hentry","latest_post"],"aioseo_notices":[],"_links":{"self":[{"href":"https:\/\/marupe.edu.lv\/index.php?rest_route=\/wp\/v2\/pages\/1307","targetHints":{"allow":["GET"]}}],"collection":[{"href":"https:\/\/marupe.edu.lv\/index.php?rest_route=\/wp\/v2\/pages"}],"about":[{"href":"https:\/\/marupe.edu.lv\/index.php?rest_route=\/wp\/v2\/types\/page"}],"author":[{"embeddable":true,"href":"https:\/\/marupe.edu.lv\/index.php?rest_route=\/wp\/v2\/users\/1"}],"replies":[{"embeddable":true,"href":"https:\/\/marupe.edu.lv\/index.php?rest_route=%2Fwp%2Fv2%2Fcomments&post=1307"}],"version-history":[{"count":11,"href":"https:\/\/marupe.edu.lv\/index.php?rest_route=\/wp\/v2\/pages\/1307\/revisions"}],"predecessor-version":[{"id":4687,"href":"https:\/\/marupe.edu.lv\/index.php?rest_route=\/wp\/v2\/pages\/1307\/revisions\/4687"}],"wp:attachment":[{"href":"https:\/\/marupe.edu.lv\/index.php?rest_route=%2Fwp%2Fv2%2Fmedia&parent=1307"}],"curies":[{"name":"wp","href":"https:\/\/api.w.org\/{rel}","templated":true}]}}